e 9605850?
True
Does 8 divide 460812089?
False
Does 1651 divide 561912026?
False
Does 65 divide 1314969890?
True
Is 62745837 a multiple of 28?
False
Is 2230016849 a multiple of 2812?
False
Does 121 divide 741743339?
False
Is 391 a factor of 130698397?
True
Is 952 a factor of 46998336?
True
Does 653 divide 525843922?
True
Is 76444573 a multiple of 57?
False
Is 80 a factor of 37270832?
False
Is 26375085 a multiple of 33?
True
Is 44900415 a multiple of 343?
True
Is 931 a factor of 330434705?
False
Does 342 divide 16572343?
False
Is 11 a factor of 36361446?
True
Is 466777970 a multiple of 677?
False
Does 3 divide 145759318?
False
Is 66301396 a multiple of 28?
True
Is 610 a factor of 136253445?
False
Is 581625300 a multiple of 10?
True
Is 73 a factor of 8599466?
False
Does 6147 divide 1668532959?
False
Is 235153075 a multiple of 90?
False
Is 903474018 a multiple of 351?
False
Is 291 a factor of 256172829?
True
Is 10218220 a multiple of 12?
False
Is 260217448 a multiple of 970?
False
Is 34 a factor of 6165313?
False
Is 769595610 a multiple of 30?
True
Is 513046961 a multiple of 57?
False
Does 22 divide 582893916?
True
Is 4 a factor of 3578520?
True
Is 30 a factor of 997369085?
False
Does 4 divide 82511716?
True
Is 85 a factor of 535073442?
False
Is 22179869 a multiple of 3?
False
Is 1895043717 a multiple of 1197?
True
Does 239 divide 70671583?
True
Does 76 divide 492613456?
True
Is 320900055 a multiple of 21?
True
Does 17 divide 10565109?
True
Does 27 divide 4149081504?
False
Is 49847595 a multiple of 145?
False
Is 3 a factor of 755403?
True
Does 611 divide 551161104?
True
Is 1032679260 a multiple of 20?
True
Is 82110587 a multiple of 139?
False
Is 85863582 a multiple of 402?
True
Is 136471212 a multiple of 177?
False
Is 20 a factor of 1499824980?
True
Is 485 a factor of 28705695?
True
Does 30 divide 23652902?
False
Does 4 divide 4894520?
True
Does 67 divide 36569203?
True
Is 109234872 a multiple of 12?
True
Is 1415404128 a multiple of 12?
True
Does 588 divide 481532016?
True
Is 330 a factor of 137115330?
True
Is 20243328 a multiple of 17?
True
Is 65174372 a multiple of 175?
False
Is 12 a factor of 105350964?
True
Does 443 divide 471864317?
False
Does 2 divide 95856319?
False
Is 48321805 a multiple of 14?
False
Does 20 divide 191813683?
False
Does 68 divide 227987807?
False
Does 414 divide 185236020?
True
Is 56459943 a multiple of 27?
True
Is 503 a factor of 56258067?
False
Is 4173331902 a multiple of 6066?
False
Does 1429 divide 22105196?
False
Does 12 divide 140957908?
False
Does 13 divide 10464520?
False
Is 221 a factor of 208646542?
True
Is 85 a factor of 212513430?
True
Is 1584990997 a multiple of 1244?
False
Does 220 divide 269070560?
True
Is 577 a factor of 973955805?
True
Is 55025064 a multiple of 3249?
True
Does 463 divide 19537211?
True
Is 12 a factor of 45534938?
False
Is 182896 a multiple of 46?
True
Is 1002777048 a multiple of 2379?
True
Is 134971330 a multiple of 389?
True
Is 296 a factor of 763870920?
True
Is 15 a factor of 626283135?
True
Is 26 a factor of 26221364?
True
Is 5 a factor of 15493652?
False
Is 96 a factor of 1256403263?
False
Is 122003791 a multiple of 7533?
False
Is 136 a factor of 11409875?
False
Is 89 a factor of 632853902?
True
Is 18465048 a multiple of 72?
True
Is 24657335 a multiple of 15?
False
Is 13591772 a multiple of 4?
True
Is 38549079 a multiple of 13?
False
Is 5 a factor of 15247934?
False
Does 1278 divide 263699689?
False
Is 2670 a factor of 413372070?
True
Is 48495208 a multiple of 777?
False
Does 30 divide 6129990?
True
Is 172452876 a multiple of 93?
True
Does 244 divide 54550836?
True
Does 19 divide 2729236?
True
Is 8209 a factor of 372778899?
True
Is 95809149 a multiple of 2181?
True
Is 11 a factor of 634898709?
False
Does 52 divide 162504108?
True
Is 105 a factor of 33847380?
True
Is 21 a factor of 137803323?
True
Does 1377 divide 20563331?
False
Is 10215476 a multiple of 544?
False
Is 271 a factor of 1246662601?
True
Is 5568696 a multiple of 12?
True
Is 1286748 a multiple of 26?
False
Does 1923 divide 1542503682?
True
Is 42281568 a multiple of 8?
True
Is 179673572 a multiple of 22?
False
Does 87 divide 499964387?
False
Is 449072989 a multiple of 529?
False
Does 110 divide 9061470?
True
Is 6486818 a multiple of 86?
False
Does 48 divide 152461916?
False
Is 208 a factor of 3800172168?
False
Is 58889367 a multiple of 279?
True
Is 127396540 a multiple of 115?
True
Is 15627490 a multiple of 10?
True
Is 1603387528 a multiple of 346?
True
Is 29360382 a multiple of 3894?
False
Is 295769435 a multiple of 127?
False
Is 271094166 a multiple of 931?
True
Is 205846824 a multiple of 474?
True
Is 63881703 a multiple of 27?
True
Is 89 a factor of 4360014?
False
Does 23 divide 34438039?
False
Is 376 a factor of 143232480?
False
Does 533 divide 1297693501?
True
Is 352277644 a multiple of 97?
False
Is 43 a factor of 1690034748?
False
Does 234 divide 35407944?
True
Does 12 divide 202373937?
False
Is 634 a factor of 3980252?
True
Is 2 a factor of 3561756?
True
Is 10815949 a multiple of 150?
False
Does 14 divide 7929880?
True
Is 194512860 a multiple of 1740?
True
Does 129 divide 60945792?
True
Does 968 divide 85777036?
False
Is 20207601 a multiple of 116?
False
Is 12652425 a multiple of 1325?
True
Is 22 a factor of 10105770?
False
Is 333045911 a multiple of 23?
True
Does 29 divide 3096765?
True
Is 63 a factor of 31195269?
True
Is 2195 a factor of 208647920?
True
Is 2 a factor of 7273918?
True
Is 147 a factor of 898771083?
True
Is 157713129 a multiple of 777?
True
Is 3041523029 a multiple of 109?
True
Does 273 divide 128993423?
False
Is 97 a factor of 31992152?
True
Is 1794472 a multiple of 306?
False
Does 14 divide 48784501?
False
Does 43 divide 1326891494?
False
Is 79143526 a multiple of 77?
True
Is 38 a factor of 53353539?
False
Does 22 divide 27733711?
False
Does 15 divide 1355370?
True
Is 1722310896 a multiple of 318?
True
Is 2131 a factor of 973794546?
True
Is 84 a factor of 2632896?
True
Does 3563 divide 245967904?
False
Is 6479067 a multiple of 393?
False
Is 709 a factor of 2042497126?
True
Does 383 divide 2155645727?
False
Is 661 a factor of 538570902?
True
Is 254 a factor of 67244231?
False
Does 112 divide 286607664?
True
Does 2 divide 33703602?
True
Does 683 divide 1837456766?
False
Is 101434 a multiple of 907?
False
Does 184 divide 92378681?
False
Is 1614673512 a multiple of 2661?
True
Is 2047721088 a multiple of 482?
True
Is 23365375 a multiple of 1375?
True
Is 35574441 a multiple of 21?
True
Is 8 a factor of 190514864?
True
Does 128 divide 184047616?
True
Is 73135762 a multiple of 129?
False
Is 81 a factor of 82221723?
True
Does 905 divide 51128880?
True
Is 351404722 a multiple of 145?
False
Is 1659 a factor of 343446883?
False
Does 69 divide 3319700701?
False
Does 898 divide 2164129372?
False
Is 2151719868 a multiple of 1756?
True
Is 55846700 a multiple of 475?
True
Does 9607 divide 1704740727?
False
Does 4 divide 2583685?
False
Is 411 a factor of 1535543676?
True
Is 19 a factor of 1275131909?
False
Is 35 a factor of 347511732?
False
Is 2533 a factor of 183119537?
False
Does 10 divide 366893074?
False
Does 5487 divide 141009665?
False
Does 386 divide 1006302?
True
Is 2042180447 a multiple of 4677?
False
Does 2 divide 12791406?
True
Does 1056 divide 80044178?
False
Is 87 a factor of 37462425?
False
Is 1031 a factor of 277929763?
True
Does 848 divide 15615072?
True
Is 93 a factor of 15401358?
True
Is 56 a factor of 101089352?
True
Does 101 divide 11121110?
True
Does 141 divide 26147604?
True
Does 78 divide 2056947831?
False
Does 26 divide 2351183588?
True
Is 4 a factor of 11061744?
True
Is 1437 a factor of 61878657?
True
Does 1243 divide 10013341?
False
Does 279 divide 174625542?
True
Does 10424 divide 82028728?
False
Is 5543483 a multiple of 20?
False
Is 967 a factor of 116714966?
True
Is 8106952 a multiple of 14?
True
Is 56431736 a multiple of 47?
False
Is 2592 a factor of 72043342?
False
Is 40154701 a multiple of 59?
False
Is 277631959 a multiple of 544?
False
Is 122 a factor of 398316224?
False
Does 36 divide 27870311?
False
Does 9 divide 9934327?
False
Is 1070 a factor of 42150510?
True
Does 384 divide 6518394?
False
Is 488341432 a multiple of 204?
False
Is 20 a factor of 1332676720?
True
Is 983 a fact